 Let n(q) = -58*q + 15. Is n(b) prime?
False
Is -2*10/(220/(-2396339)) composite?
False
Let v be 50/20*1/(15/18). Suppose -3*h + 27758 = -4*y + 8*y, -v*y = -4*h - 20831. Is y prime?
False
Is (-203316)/(-28) - (-19)/(532/(-8)) composite?
True
Let i be 3965 - (3 - (-50)/(-15))*6. Is (i/(-3))/((-18)/54) a prime number?
True
Let t be ((-5)/(-2) - 1)/(26/52). Let s be (6/18*t*2)/1. Is s/(-13) + 237666/338 composite?
True
Let q be 33/2 - (-45)/(-30). Is 4 + 3113 + (7 - q) a composite number?
False
Let v(b) = -369*b + 109. Suppose 2*a - 6 = 0, -5*n - 2*a = -3*a + 43. Is v(n) a prime number?
True
Suppose 368*u = -6777419 + 20608699. Is u prime?
False
Let h = 152971 + 9352. Is h a prime number?
False
Suppose 12*v - 835023 = -137715. Is v a composite number?
False
Suppose 0 = k - 6*r + 2*r - 14805, 0 = -4*k + 5*r + 59253. Suppose -4*y = 4175 + k. Let i = y + 8541. Is i a composite number?
False
Let n(p) = -57211*p + 13732. Is n(-11) a prime number?
False
Suppose -11*n + 6*n + 10 = 0. Suppose -3*r - 10 = p, -4*r = -2*p - n*r + 20. Suppose o + p*g - 42 - 1101 = 0, -g = -4*o + 4656. Is o composite?
False
Let h(y) = 301*y + 26. Let k(f) = f**2 + 10*f + 28. Let p be k(-6). Let m be h(p). Is m/18*(5 - 2) a prime number?
False
Is 10381532/24 - ((-315)/(-54))/7 a composite number?
True
Suppose 423 = u + 2*u. Let a be (85/(-15) + 6)*3 + 1. Suppose x = -3*d + 151 + u, -x + 307 = -a*d. Is x prime?
False
Let z be ((-12)/(-15))/(12/(-37710)) - 3. Let g = -1639 - z. Is g composite?
True
Suppose 2*s + 3421 = 4*s - n, -2*s = -3*n - 3411. Suppose -5*d + 25 = 0, -d + 2069 = 3*o - s. Is o a composite number?
False
Let p be 8/(-24) - (-478)/(-6). Let l = 40 + p. Is (-2336)/l - (-4)/(-10) composite?
True
Let h(f) = 14 - 8*f**2 - f**3 + 10*f - 31 + 2*f**3. Let z be h(7). Is 1 + (z - -623) - (-1 - 2) a composite number?
False
Suppose 3*m + 3*l - 1983699 = 0, -4*m + 35*l = 38*l - 2644940. Is m a prime number?
False
Let g(j) be the second derivative of 25*j**4/4 + j**3/6 + 15*j**2/2 + 32*j - 1. Is g(4) a prime number?
False
Let a = 99329 + -69657. Suppose -367*i - a = -371*i. Is i composite?
True
Suppose 4646713 = -17*g + 40*g. Is g a composite number?
False
Is -7 + (26292896/16 - -10) prime?
False
Suppose 17*b - 614093 = 1600956. Is b composite?
True
Let s(w) = 35*w**2 - 6*w + 11. Suppose 44 = -4*h - 4*z + 8*z, 4*h + 3*z = -37. Is s(h) composite?
False
Suppose 0 = -92*c + 122*c - 476130. Is c a prime number?
False
Suppose 4*n - 59 - 161 = 0. Let z(a) = -13*a**3 - a**2 + 2*a. Let f be z(3). Is f/(-5)*n/22 a prime number?
False
Let p be (-3)/(-4) + 3/((-60)/(-125)). Suppose -p*k + 33*k = 48958. Is k composite?
True
Suppose 4*w - 20 = -0, 3*f + 4*w + 25 = 0. Let y be 2460 - (-3)/(f/20). Suppose y + 720 = 8*n. Is n a composite number?
False
Suppose -4*g = -2*z + 5*z + 32, 4*z = 0. Is (282075/(-300))/(0 - (-2)/g) composite?
False
Suppose 11*u - 67 = 318. Suppose x + 6*x - u = 0. Suppose 5664 = x*t - 5201. Is t composite?
True
Suppose 8*z - 22640996 = -108*z. Is z composite?
True
Suppose 0 = -226*t + 232*t - 315318. Is t composite?
False
Let a = -178740 - -255007. Is a a composite number?
True
Suppose -75870985 = -136*s - 24408177. Is s composite?
True
Let g = -185 - -188. Suppose 3*c - 2*c + 23305 = g*o, 5*c = 2*o - 15528. Is o a prime number?
False
Let a(k) = 18916*k + 32. Let d be a(-17). Is d/(-195) + (-3)/(-39) a prime number?
False
Let r(c) = -138*c**2 + 3373*c - 25. Is r(24) composite?
False
Let y(r) = r**2 + 15*r + 12. Let z be y(-15). Is 18842*1 + (-135)/9 + z prime?
True
Let g(s) = -5*s**3 + s**2 + 5*s - 6. Let n be g(2). Let z = 35 + n. Suppose -3*v + 5*x + 4202 = 0, -2*v + x = -z*v + 1414. Is v prime?
True
Suppose -26*k = -25*k + 5*t - 95491, -286359 = -3*k + 4*t. Is k a composite number?
False
Suppose 78*s - 261868 = 61*s. Let t = s + -10621. Is t prime?
True
Let q be 2714 + 6*(-2)/(-12). Suppose -4*b + 14095 = q. Is b a composite number?
True
Suppose 158*p = 153*p + 30. Let a be (-1)/(-3) - (-8)/12. Is (p + -6)/1 - (-624 + a) prime?
False
Suppose -285056 + 105081 = -23*o. Suppose -7*a = -2*a - o. Is a a composite number?
True
Let x(v) = 12*v + 60. Let c be x(-5). Suppose c = -22*d + 6*d + 33008. Is d prime?
True
Let p(h) = 47*h + 341. Let k be p(-7). Suppose 0 = -3*d + 5*s + 7276, -k*d = -7*d - 5*s - 12130. Is d a prime number?
False
Let n(p) = 4*p**3 - 4*p**2 - 22*p - 10. Let c be n(-5). Let o = -351 - c. Is o a prime number?
True
Let d = -566944 - -854675. Is d a prime number?
True
Let d = 111455 + -79464. Is d prime?
True
Let y(z) = -z**2 + z. Let j(f) = -115*f**2 + 14*f + 1. Let u(b) = -j(b) + 6*y(b). Let v(p) be the first derivative of u(p). Is v(5) a composite number?
True
Let i = 2782 - 1911. Suppose -2972 = -9*x + i. Is x a composite number?
True
Suppose 5*w - 2*x - 28 = 0, -3*w + 5*x = 3*x - 16. Let l be (1 + (-27)/w + 1)*-2. Suppose -v - 2214 = -l*u + 3*v, -458 = -u - 3*v. Is u prime?
False
Suppose 4*g - 2225 = 3*r, g + r + r - 570 = 0. Suppose u - 19 = -0*u. Suppose -g + u = -o. Is o composite?
False
Suppose 2*n + 6*o - 2*o = -24, -4*o = 3*n + 30. Is (3661 + -2)*(-2 - (n - -3)) composite?
False
Let a = -43 - -52. Let c(g) = -21*g**2 - 3*g + 39. Let f be c(a). Let d = 2278 - f. Is d prime?
True
Let z(v) = 30*v + 1. Let s be z(2). Let c = 909 + -855. Let q = s - c. Is q a composite number?
False
Let z(i) = -19*i - 349. Let f be 1 + 1 + (8 - 64). Is z(f) composite?
False
Let a(v) be the first derivative of v**6/36 + v**5/20 - 19*v**4/8 - 28*v**3/3 + 2. Let l(s) be the third derivative of a(s). Is l(8) composite?
False
Suppose -17*k = -4*k - 20501. Suppose -l + k = -3770. Is l a composite number?
False
Let y(h) = -h**3 + 4*h**2 + 7*h - 6. Let k be y(5). Let n(c) = 222*c**2 - 7*c + 30. Is n(k) a prime number?
False
Suppose m = -5*k + 13, -4*k + 2*m + m = 1. Is (-3392352)/(-198) + (k - (-69)/(-33)) composite?
True
Suppose 79*o = 88*o - 80811. Let x = o + -6336. Is x a prime number?
False
Suppose -51*r - 17*r = 133*r - 3925731. Is r prime?
True
Let m = 9381 - -8902. Suppose 4*p + 7326 = 2*t - 1808, -4*t + m = -3*p. Is t a composite number?
True
Suppose -3*z = 5*h + 186, -13*z = h - 11*z + 40. Let l(g) = g**2 - 32*g + 55. Is l(h) composite?
False
Let t = 23653 - 8650. Suppose 0 = 7*w - t - 1958. Is w a composite number?
False
Suppose -t + 5*j + 174 = -0*j, 4*t - 747 = 3*j. Let f = t - 455. Let a = f - -411. Is a a prime number?
False
Suppose -3*q + 3*k = 0, 4*q + 5*k = k - 24. Let s be q/3 - -4*(-2855)/(-10). Is 24/42*s/2 a composite number?
True
Let b(o) = o**3 + 3*o + 5600. Let n be b(0). Suppose 3*h = -h + n. Suppose -4*s + h = -1524. Is s composite?
True
Suppose -16034690 = -20*p - 4675870. Is p a composite number?
True
Is ((-135075)/6)/(-5)*24/540*279 prime?
False
Suppose -20*a + 0 = -20. Let o(v) = 31450*v**3 + 3*v - 2. Is o(a) prime?
False
Is 1 - (-229594 - 192/(-16)) a prime number?
True
Let s(l) = 777*l**3 + 4*l**2 - 3*l - 1. Let z be s(1). Suppose -775*r = -z*r + 3694. Is r prime?
True
Suppose 2*p = 2*p + 7*p. Let w be ((-7)/21)/(1/(-18) - p). Suppose 0 = 7*t - w*t - 649. Is t composite?
True
Suppose -2095728 = -90*s + 5134282 + 8663180. Is s a composite number?
False
Suppose -12*g = 2*y - 7*g - 18, 14 = 3*y + g. Suppose y = u, 0 = -0*o + o + 5*u - 613. Is o composite?
False
Let z be (1 + -3)*6/(12/13). Let a(m) = -m**2 - 15*m + 57. Is a(z) composite?
False
Suppose l + 2*f - 6776 = 0, f + 4*f + 13570 = 2*l. Suppose -3378 = -2*h - b + 5*b, 0 = 4*h + 4*b - l. Is h a composite number?
False
Let r(y) = 112*y**2 + 90*y - 2121. Is r(19) a composite number?
True
Suppose 3*n = 7*n - 16. Let s be 6/(n - 1) - -3. Suppose -3*r + s*o - 1312 = -3474, 3*o + 3 = 0. Is r composite?
False
Suppose 29*b - 315*b = -16968094. Is b a composite number?
True
Let z(m) = -m - 1. Let h be ((-24)/(-48))/((-2)/4). Let l(u) = -33*u + 16. Let t(d) = h*l(d) - z(d). Is t(9) a prime number?
False
Suppose -9*x + 7365 + 546225 = 0. Suppose 2*l - 36893 = -3*k, 2*k - 7*k + x = -l. Is k a prime number?
True
Let v(o) = -98 + 399 + 747*o**2 + o - 746*o**2. Let d be v(0). Suppose -d = 7*w - 2534. Is w a prime number?
False
Let f(h) = -11*h + 24. Let d be f(2). Let b(m) = 8518*m - 1. Is b(d) prime?
False
Let k(u) = u**3 + 11*u**2 - 15*u - 20. Let c be k(-12). Let a = c + -22. Is (4 - a/(-2))/(